in base 2?
-1100011110000
21dc (base 15) to base 6
53130
968 (base 10) to base 14
4d2
-aa5 (base 14) to base 10
-2105
-8c0 (base 14) to base 11
-1339
-10278 (base 9) to base 2
-1101010001010
Convert 1848 (base 10) to base 16.
738
Convert -11041 (base 5) to base 6.
-3323
Convert -100441 (base 5) to base 12.
-1a66
What is 23220 (base 4) in base 3?
1000120
Convert 6247 (base 9) to base 3.
20021121
Convert -93b2 (base 16) to base 12.
-19a6a
Convert -55 (base 8) to base 2.
-101101
21100012 (base 3) to base 9
7305
Convert -122132 (base 6) to base 10.
-10856
Convert 1030313 (base 4) to base 3.
20202012
What is -10b42 (base 14) in base 15?
-c08a
-100013 (base 5) to base 6
-22301
34880 (base 9) to base 4
11230113
What is -130423 (base 8) in base 6?
-545511
Convert 25701 (base 10) to base 2.
110010001100101
What is -28997 (base 11) in base 12?
-1b971
Convert 66 (base 10) to base 3.
2110
What is -201121100 (base 3) in base 8?
-33724
Convert 11013 (base 7) to base 15.
c39
What is -12603 (base 9) in base 11?
-6435
Convert -16c (base 14) to base 5.
-2132
-1c5 (base 15) to base 8
-632
-28c2 (base 16) to base 12
-6056
Convert -344 (base 11) to base 5.
-3121
Convert -160a (base 14) to base 8.
-7532
What is -4a31 (base 12) in base 4?
-2003011
-2725 (base 12) to base 13
-2078
Convert -d1bb (base 15) to base 6.
-540552
-1002202 (base 6) to base 10
-47162
What is -3959 (base 10) in base 16?
-f77
Convert 5302 (base 6) to base 12.
832
Convert 2531 (base 6) to base 4.
21313
Convert -121 (base 14) to base 2.
-11100001
What is 3547 (base 9) in base 14?
d63
1304220 (base 5) to base 10
25560
Convert 13004 (base 12) to base 15.
7a34
1210202 (base 4) to base 14
24b8
What is -101000100 (base 2) in base 11?
-275
211 (base 8) to base 5
1022
What is -6097 (base 15) in base 13?
-9388
What is -101220 (base 4) in base 15?
-503
-8b89 (base 16) to base 14
-d037
What is -8471 (base 9) in base 2?
-1100001001100
-669 (base 14) to base 11
-a54
Convert 1221333 (base 4) to base 8.
15177
What is 1045152 (base 6) in base 7?
310325
What is -40304 (base 5) in base 10?
-2579
Convert -1a073 (base 11) to base 2.
-110110101111111
2023013 (base 4) to base 13
408b
What is -21e0 (base 15) in base 5?
-212220
Convert -3240 (base 7) to base 10.
-1155
-1096 (base 11) to base 6
-10352
-310413 (base 5) to base 4
-2131330
-146 (base 14) to base 10
-258
Convert 71a2 (base 13) to base 11.
10865
Convert -31165 (base 10) to base 13.
-11254
Convert -1314110 (base 5) to base 14.
-9763
180 (base 16) to base 9
466
What is -170 (base 8) in base 16?
-78
101010111110 (base 2) to base 5
42000
What is 3460 (base 10) in base 9?
4664
What is 1421213 (base 5) in base 3?
1111112202
What is 134230 (base 5) in base 11?
41aa
What is 12205 (base 6) in base 8?
3415
-20110121 (base 3) to base 10
-4714
53cd (base 14) to base 11
a982
What is -5254 (base 6) in base 16?
-4a2
Convert 10c4 (base 16) to base 11.
3252
3ac3 (base 15) to base 4
3010032
Convert -1130021 (base 4) to base 6.
-43145
Convert 201111112 (base 3) to base 13.
6617
Convert -1220101110 (base 3) to base 11.
-26166
-43263 (base 8) to base 15
-5569
Convert -119 (base 16) to base 6.
-1145
-8c (base 15) to base 4
-2010
842 (base 11) to base 12
706
Convert 1202112202 (base 3) to base 9.
52482
157d (base 16) to base 12
3225
-3c6 (base 15) to base 16
-35d
What is -1030132 (base 5) in base 14?
-6570
What is -112876 (base 9) in base 8?
-204311
Convert -350 (base 8) to base 11.
-1a1
52101 (base 6) to base 4
1230211
What is -1238 (base 12) in base 5?
-31220
What is -2020 (base 4) in base 3?
-12001
What is dca (base 16) in base 6?
24202
141 (base 7) to base 15
53
100010000001011 (base 2) to base 6
212351
What is b226 (base 12) in base 13?
8a48
-5153 (base 6) to base 15
-519
Convert 1110 (base 9) to base 2.
1100110011
204311 (base 6) to base 8
40223
837 (base 9) to base 7
1663
What is 126514 (base 7) in base 5?
1231143
-348 (base 15) to base 6
-3235
-135c (base 13) to base 7
-11052
-111010111100101 (base 2) to base 16
-75e5
1a168 (base 11) to base 10
28146
What is -11010001 (base 3) in base 2?
-101110110110
-11111010010111 (base 2) to base 10
-16023
-3746 (base 8) to base 9
-2686
What is d8a (base 14) in base 6?
20210
What is 414456 (base 7) in base 14?
1bd66
1011011001111001 (base 2) to base 9
71063
Convert 5d08 (base 14) to base 9.
24284
What is 69c (base 15) in base 12?
a49
What is 13100002 (base 4) in base 7?
152404
1a6 (base 13) to base 2
100110001
Convert -151c (base 13) to base 3.
-11012121
Convert -12320232 (base 4) to base 3.
-1102200200
Convert 753 (base 10) to base 12.
529
Convert -1472 (base 8) to base 15.
-3a1
303 (base 16) to base 3
1001120
What is -239 (base 14) in base 2?
-110111011
Convert -21289 (base 10) to base 5.
-1140124
Convert -107167 (base 9) to base 5.
-4024134
What is -8599 (base 15) in base 4?
-12321231
Convert -286 (base 9) to base 13.
-156
What is -5571 (base 8) in base 12?
-1849
Convert 5772 (base 9) to base 13.
1c40
Convert 2020130 (base 5) to base 7.
163604
-1000002 (base 3) to base 13
-443
Convert -1102102022 (base 3) to base 10.
-28007
What is 114332 (base 6) in base 10?
10064
-16d0 (base 15) to base 10
-4920
Convert -10010011111 (base 2) to base 14.
-607
Convert 2012120211 (base 3) to base 15.
cd0d
Convert -1001101010 (base 2) to base 4.
-21222
What is 3b4e (base 15) in base 6?
134402
117 (base 8) to base 11
72
1243 (base 7) to base 8
730
Convert 11438 (base 9) to base 4.
1313201
Convert -11 (base 14) to base 12.
-13
What is -1020 (base 7) in base 15?
-18c
-11110100101100 (base 2) to base 10
-15660
What is 100100110101 (base 2) in base 5?
33412
1038 (base 10) to base 13
61b
Convert -726a (base 11) to base 13.
-4502
-1033021 (base 4) to base 3
-20221121
What is 212 (base 13) in base 16?
161
Convert -422 (base 16) to base 6.
-4522
Convert 110001001 (base 2) to base 12.
289
Convert 10101 (base 5) to base 14.
347
-226 (base 12) to base 14
-18a
100110011100 (base 2) to base 14
c7a
What is -121212 (base 3) in base 11?
-384
What is 25040 (base 7) in base 15?
1e15
101010111011001 (base 2) to base 13
a007
Convert -214402 (base 8) to base 12.
-3576a
What is -11112020 (base 3) in base 10?
-3300
What is -2313213 (base 4) in base 15?
-3736
What is -3312130 (base 4) in base 9?
-23564
Convert 3b6b (base 13) to base 9.
12637
What is 3020 (base 8) in base 15?
6d7
-211144 (base 5) to base 12
-40b5
What is 17137 (base 9) in base 10?
11779
What is -187 (base 11) in base 5?
-1331
-55000 (base 6) to base 2
-1110110001000
What is 17 (base 10) in base 5?
32
Convert -5440 (base 7) to base 4.
-132103
Convert -1100011000 (base 2) to base 7.
-2211
Convert -52 (base 10) to base 7.
-103
3 (base 13) to base 3
10
What is 243 (base 6) in base 12?
83
Convert -1513 (base 7) to base 8.
-1126
-525 (base 14) to base 5
-13023
What is 110002001 (base 3) in base 15?
291d
Convert 64a (base 16) to base 2.
11001001010
What is -100230 (base 4) in base 14?
-564
What is 1644 (base 9) in base 12?
887
Convert -324212 (base 5) to base 8.
-25656
Convert 11200130 (base 4) to base 14.
8312
What is -401 (base 7) in base 8?
-305
Convert 124 (base 16) to base 3.
101211
-1451 (base 8) to base 2
-1100101001
What is -2c5 (base 15) in base 11?
-528
-1011100010111 (base 2) to base 14
-2223
What is -1002222 (base 3) in base 15?
-38e
Convert 2615 (base 7) to base 14.
50c
What is -1010212 (base 3) in base 2?
-1101000001
Convert -c9 (base 14) to base 12.
-129
Convert -43330 (base 5) to base 16.
-b95
What is -a5cb (base 13) in base 16?
-59c6
What is -12310 (base 4) in base 11?
-367
Convert 4451a (base 11) to base 2.
1111110000000010
-12212 (base 6) to base 4
-130100
Convert -56a (base 12) to base 5.
-11202
Convert -100020002 (base 3) to base 15.
-1ed5
Convert 30020 (base 4) to base 11.
646
Convert 1113034 (base 5) to base 9.
30105
What is -1579 (base 15) in base 4?
-1020012
Convert -6a1 (base 16) to base 9.
-2285
Convert 21102100 (base 3) to base 16.
1521
Convert -6158 (base 13) to base 10.
-13424
Convert 1509 (base 11) to base 10.
1945
Convert -12320 (base 4) to base 8.
-670
Convert -6ee (base 15) to base 12.
-ab2
What is -100100 (base 3) in base 12?
-190
Convert -13224 (base 5) to base 2.
-10000101000
What is 15902 (base 11) in base 2?
101011101110011
What is -15201 (base 6) in base 7?
-10066
10110100